ivisor of 16384 and 232864.
32
What is the greatest common factor of 134839610 and 1965?
655
Calculate the greatest common factor of 119 and 3689527.
17
What is the highest common factor of 131750480 and 22040?
1160
Calculate the greatest common factor of 3288 and 1641534.
822
Calculate the highest common divisor of 342799 and 14.
1
Calculate the highest common divisor of 55211 and 17577.
31
What is the greatest common divisor of 4544 and 451063?
71
Calculate the highest common factor of 819 and 1046305.
13
Calculate the greatest common divisor of 760592105 and 7.
7
What is the greatest common divisor of 1578976471 and 67?
67
Calculate the greatest common factor of 99 and 91443429.
99
Calculate the highest common divisor of 400797 and 216.
9
Calculate the highest common divisor of 181185 and 19035.
705
Calculate the highest common factor of 348634 and 7295002.
6578
What is the highest common factor of 699680 and 514400?
160
What is the greatest common divisor of 15352 and 584744?
152
What is the highest common factor of 9979 and 5083459?
17
What is the greatest common divisor of 2552 and 283096?
88
Calculate the highest common divisor of 236016450 and 135.
135
What is the highest common factor of 126 and 4419891?
63
What is the highest common divisor of 1603458 and 102?
6
What is the greatest common divisor of 994 and 17286157?
497
Calculate the greatest common divisor of 375 and 168537.
3
What is the greatest common divisor of 3782 and 405542?
62
Calculate the greatest common divisor of 7456 and 237344.
32
Calculate the highest common divisor of 1352 and 2677617072.
1352
What is the greatest common divisor of 35873 and 70729186?
1237
What is the greatest common divisor of 3648331 and 30238?
1163
Calculate the greatest common divisor of 23634170 and 42.
14
What is the greatest common divisor of 108 and 4128036?
12
What is the highest common divisor of 325253 and 3485?
41
Calculate the greatest common factor of 1143159 and 166.
83
Calculate the greatest common factor of 4652 and 164150472.
4652
Calculate the highest common divisor of 1008176 and 3653.
13
Calculate the highest common factor of 12045474 and 574182.
6174
Calculate the greatest common factor of 2136 and 1080168.
24
What is the highest common divisor of 17405750 and 125?
125
What is the greatest common factor of 138336070 and 4?
2
What is the highest common divisor of 12936728 and 105502?
3638
What is the highest common divisor of 602 and 11251982?
602
Calculate the highest common divisor of 8364644 and 29.
29
What is the greatest common divisor of 12180 and 9163560?
420
Calculate the greatest common factor of 33768 and 18123.
21
What is the highest common factor of 35788 and 563272?
1556
What is the highest common divisor of 2800031 and 611546?
559
What is the highest common factor of 979020120 and 312?
312
What is the greatest common divisor of 2000 and 4098625?
125
What is the greatest common divisor of 33892 and 14948?
148
Calculate the greatest common factor of 121615 and 10049.
13
What is the highest common factor of 2048937 and 1717815?
957
What is the greatest common divisor of 84736318 and 203?
29
Calculate the highest common factor of 54 and 2024863407.
27
Calculate the highest common factor of 396236 and 1700.
68
What is the highest common factor of 25952 and 2999078?
1622
Calculate the highest common divisor of 42 and 2243598.
42
Calculate the highest common factor of 32 and 53689.
1
Calculate the greatest common divisor of 295 and 223945.
5
What is the greatest common divisor of 23479817 and 118?
59
Calculate the greatest common factor of 7434 and 516474.
126
What is the greatest common factor of 2679719 and 574?
287
Calculate the greatest common divisor of 658110 and 30.
30
What is the highest common divisor of 6634 and 5140792?
62
What is the greatest common divisor of 174867 and 4312?
77
Calculate the highest common factor of 3371 and 110582284.
3371
Calculate the greatest common divisor of 11349 and 1418334.
291
What is the highest common divisor of 4064 and 76768?
32
Calculate the highest common divisor of 9494251 and 65.
13
What is the highest common divisor of 5590 and 28250?
10
What is the greatest common divisor of 15471 and 109584?
9
Calculate the highest common divisor of 1739 and 1256446.
37
Calculate the highest common divisor of 2099298 and 413538.
2634
What is the highest common factor of 10620 and 5295?
15
Calculate the greatest common divisor of 528 and 314898672.
528
What is the greatest common divisor of 751032 and 22021?
1159
What is the highest common divisor of 17472 and 20272?
112
Calculate the highest common factor of 3660 and 3346765.
305
Calculate the greatest common divisor of 611673636 and 18.
6
What is the highest common divisor of 25569082 and 2156?
1078
What is the highest common divisor of 25119 and 60867?
9
What is the highest common factor of 69810330 and 102?
102
What is the highest common factor of 2542777 and 27121?
733
Calculate the greatest common divisor of 80 and 40727480.
40
Calculate the greatest common factor of 52644 and 187944.
492
What is the highest common divisor of 1124266 and 44759?
143
What is the highest common factor of 141296 and 5024?
16
Calculate the highest common factor of 29134 and 1232.
14
What is the highest common factor of 201722152 and 1384?
1384
What is the greatest common factor of 323425 and 2312?
17
Calculate the greatest common divisor of 3744 and 69055818.
78
Calculate the greatest common factor of 14 and 735401366.
14
What is the greatest common factor of 138 and 57110862?
6
Calculate the highest common factor of 759408 and 23104.
16
What is the greatest common factor of 18830513 and 39091?
1261
Calculate the highest common divisor of 42053 and 24069608.
3823
What is the greatest common factor of 171360 and 10328724?
4284
What is the greatest common factor of 36 and 170412768?
36
What is the greatest common factor of 810 and 78427170?
270
What is the highest common divisor of 451 and 12885521?
451
Calculate the greatest common divisor of 692 and 127647358.
346
What is the greatest common factor of 216 and 51599928?
24
Calculate the greatest common divisor of 687820 and 328440.
2380
What is the highest common factor of 8784 and 12063726?
1098
What is the greatest common divisor of 24660 and 10921640?
2740
What is the greatest common factor of 26234 and 1451242?
26
Calculate the highest common factor of 9762260 and 1884.
628
What is the highest common factor of 53208 and 29628?
36
What is the greatest common factor of 196437362 and 176?
22
Calculate the greatest common divisor of 175133 and 1621704.
1379
What is the highest common factor of 837834 and 1280076?
1866
What is the greatest common factor of 6862 and 2303?
47
Calculate the highest common factor of 66 and 52823034.
66
Calculate the highest common factor of 650345436 and 8424.
4212
What is the greatest common divisor of 208994 and 35524?
166
Calculate the highest common divisor of 1200613 and 16798.
37
Calculate the greatest common divisor of 5840006 and 74.
74
Calculate the highest common factor of 6132 and 14758848.
876
Calculate the highest common divisor of 41956500 and 26560.
1660
What is the greatest common divisor of 1568 and 17927777?
49
Calculate the greatest common divisor of 89 and 30900889.
89
What is the greatest common divisor of 58312199 and 23?
23
Calculate the highest common divisor of 318792 and 7698.
6
Calculate the greatest common divisor of 1684514 and 117.
13
Calculate the greatest common factor of 294190 and 80910.
310
What is the greatest common factor of 212046133 and 52?
13
Calculate the highest common factor of 15706888 and 18470.
3694
What is the greatest common divisor of 285120 and 38544?
528
Calculate the greatest common factor of 14302355 and 85.
85
What is the highest common factor of 1073448 and 300?
12
Calculate the greatest common factor of 248 and 1076599.
31
What is the highest common factor of 23380489 and 22?
11
What is the greatest common factor of 113 and 249956?
113
Calculate the greatest common divisor of 15055168 and 192.
64
Calculate the highest common divisor of 10368 and 731928.
24
What is the highest common divisor of 9761 and 81225367?
227
What is the greatest common divisor of 24527021 a